7 - ((6 - 7) + -7)
1
Evaluate 0 + (-6 - (-6 + -1 + 4)).
-3
What is (-2 - 4) + 1 - (2 + -4)?
-3
What is -3 + 5 - 5 - 4?
-7
What is (-1 - -4) + (9 - 17)?
-5
What is the value of 4 + -9 + 0 + (-1 - 0)?
-6
Evaluate (-6 - (7 - 11 - -11)) + 7.
-6
Evaluate -2 + 2 - ((-12 - 1) + 8).
5
What is the value of (-2 - -6 - 0) + (-9 - -2)?
-3
What is -2 + (4 - 7) + 0?
-5
-2 + (-1 - -5) + (12 - 18)
-4
Calculate -18 + 29 + (-9 - 1).
1
(1 - -3) + 3 - 7
0
Evaluate 2 + 0 + -2 + (-5 - -7).
2
Calculate (-10 - -5) + -2 + 17 + -2.
8
Evaluate 4 - -12 - (13 - 3).
6
(0 - (1 + -15)) + -8
6
What is the value of 0 + -2 - (3 - 5)?
0
Calculate 2 + -5 - (1 - -1).
-5
Evaluate (-1 + -5 - -7) + -5.
-4
Calculate -4 - -15 - (-41 + 50).
2
Evaluate (-12 - -3) + 13 + -3 + -4.
-3
What is the value of -4 + 0 - (1 + -13 + 10)?
-2
2 - (3 - -2 - 3)
0
What is 7 + -10 + 3 + -5?
-5
What is the value of 6 + (0 - 6 - (-1 + -3))?
4
What is -1 + (-5 - -2) + 13 + -5?
4
Evaluate 0 + 0 + (1 - (12 + -11)).
0
What is (1 + 0 - (1 - 5)) + -4?
1
Calculate (-2 - 1) + (36 - 42).
-9
Calculate 2 + (0 - 5) - (18 + -22).
1
Calculate (56 - 47) + -11 + 1.
-1
Calculate 1 + (10 - 5) + 0.
6
What is the value of (7 - 13) + 14 + -12?
-4
4 + -13 + -11 + 14
-6
Evaluate (0 - 2) + (-3 - -3 - -1).
-1
Calculate -24 + 24 + (3 - 4) + 9.
8
What is the value of (1 - 3 - -1) + (2 - -5)?
6
-1 + (-1 - 2 - -4)
0
Calculate -1 + (1 - (-7 - -6)).
1
What is (8 - (-1 + 4) - 12) + 6?
-1
-7 + 5 + 9 - 6
1
(-1 - -4 - -3) + (0 - -3)
9
What is 3 + -1 - (5 - (6 - -4))?
7
What is the value of 3 - 8 - (-2 + -4)?
1
What is (-5 - (13 + -20)) + -1?
1
Calculate 2 - (-2 + -6 + 5).
5
What is (1 - -3) + -11 + 10 + -1?
2
Calculate -3 - 1 - (3 - 8).
1
(-2 - -2 - 3) + -3 + 1
-5
Calculate (1 - -5) + (-6 - -6) + 0.
6
What is 13 - 14 - (-4 - -3) - 6?
-6
Calculate 5 - (-3 + 5 - -9 - 4).
-2
Evaluate 69 + -80 + (-2 - -11).
-2
Evaluate (8 - 8) + 0 - 0.
0
14 - 7 - 4 - 6
-3
Calculate -1 + -8 - -5 - (2 - 3).
-3
Calculate 6 + (4 - (11 + -7)).
6
-42 - -39 - (0 + 0 + -6)
3
What is (-14 - -11 - 7) + 15?
5
Evaluate 3 + (2 - 2 - (3 - -2)).
-2
Evaluate -1 - (-2 + (-3 - -2)).
2
2 - (-10 - -14) - (-1 + 1)
-2
Calculate -2 + (0 - (-3 - -5)).
-4
What is -3 - (-3 - (-4 - -4)) - -2?
2
What is (11 - 1) + -5 + 0?
5
Calculate 1 + (7 - 10) - 6.
-8
Calculate -2 + (2 - (10 - 5)) + -1.
-6
What is the value of -4 + -2 + 12 + -7 + -1?
-2
What is 8 - 1 - (-33 - -33)?
7
What is (-8 - -17 - 0) + -12?
-3
What is the value of -6 - (5 + -1 - 16) - 9?
-3
What is the value of (-6 - 0) + (44 - 39)?
-1
Evaluate -3 - 1 - (2 - 0 - 6).
0
What is (-3 - 12) + -5 + (16 - 6)?
-10
What is the value of -7 + (-2 - -11 - 7)?
-5
1 - -5 - (11 - (7 - 7))
-5
What is the value of (-2 - (1 - 4)) + 0 + -2?
-1
What is -52 + 57 + (0 - 9)?
-4
What is the value of (7 - 5) + -13 - (4 + -10)?
-5
Calculate -3 + 6 + 3 + -4.
2
-11 + 3 + (5 - 3)
-6
What is (5 + -4 - 4) + (2 - 3)?
-4
What is -2 + -1 - -3 - (-3 - -1)?
2
(-14 - -5) + (-8 - -21)
4
-15 - (-8 + (11 - 10))
-8
Calculate (147 - 152) + (-1 - -1).
-5
Evaluate 1 + 12 + 12 + -29.
-4
Evaluate 79 + -78 + -8 + 0 + 2.
-5
7 + -10 - (-8 - (-4 + 0))
1
Evaluate (9 - 5 - 3) + 3.
4
What is -4 + (7 - 2) - (-1 - -4)?
-2
What is -3 - (6 - 13) - 9?
-5
Evaluate (2 - -2) + -25 + 22 + -1.
0
What is (0 - 3) + (14 - 16)?
-5
What is (2 - -2) + 2 - 4?
2
What is the value of 4 + (7 + 0 - 9)?
2
What is the value of 8 - (-7 + 20) - (-7 - -1)?
1
Calculate 3 - (2 + 1) - (6 - 3).
-3
(28 - 35) + -2 + 3
-6
What is 5 - ((4 - 7) + 10)?
-2
What is -12 + 13 + (3 - 11)?
-7
3 + (-3 - (-3 - -2))
1
What is the value of (-1 + 8 - 8) + -6?
-7
-3 + 2 + 0 - -3
2
What is the value of -2 - (-7 - 6) - 12?
-1
Calculate 5 + -10 - (-2 - -3).
-6
Calculate (5 - (5 - 0)) + 3.
3
What is 0 + (3 - -1) - 2?
2
What is 19 + -3 + -8 - (8 + -2)?
2
Evaluate (11 + 5 - 2) + -8.
6
Evaluate (-18 - -14) + -2 + (-5 - -12).
1
3 + 4 + -3 + -1 + 2
5
-4 - (-1 - -4 - 3)
-4
Calculate 6 - (0 + -1 + 1 + 0).
6
Calculate 2 + -6 + 11 + 0.
7
What is the value of (4 - (-2 - 0)) + (-24 - -20)?
2
Calculate -4 + -5 + 8 - (-5 - -4).
0
Evaluate 3 + (-1 - (-3 - -4)).
1
What is -1 + (9 - (12 + -3))?
-1
Calculate -6 + (-6 + 7 - 1).
-6
Evaluate (-2 - -4) + 10 + -6.
6
What is -1 + (-7 - (-6 - 4))?
2
Calculate -1 - (3 + -9) - (2 + 10).
-7
Calculate 8 - (-10 - -4 - -12).
2
What is the value of (-3 - -2) + -10 + 5?
-6
What is the value of -1 + 1 - -4 - -1?
5
What is 1 + 1 + -23 + 23 - 4?
-2
-12 + (-3 - (-8 + -4))
-3
What is the value of (4 - 5) + -4 + 9?
4
Evaluate -4 - -3 - (0 - 1).
0
Evaluate -2 - (-2 - (-3 - (2 - 4))).
-1
What is the value of -1 + (-4 - -3) - (-32 - -26)?
4
Calculate (18 - 11) + (-2 - 1).
4
-16 + 12 - (-10 + 1)
5
What is (1 - -2) + -2 - 4?
-3
What is (4 + -5 + -1 - -4) + 4?
6
What is the value of -1 + -9 + 6 + -2?
-6
Evaluate -4 - (-3 - 0 - 0).
-1
Calculate (0 - (3 - 1)) + (13 - 16).
-5
Evaluate 0 + 8 + -17 + 7.
-2
What is the value of 0 + 5 + (212 - 212)?
5
Evaluate 8 + -6 + 3 + 1 + -2.
4
What is the value of (8 - 11 - 3) + 10 + 1?
5
Calculate (-5 - -6) + -2 - (-3 + 3).
-1
Evaluate (0 - -5) + -5 + -4.
-4
What is the value of 33 + -29 + -2 + -5 + 12?
9
What is the value of (-2 - -6) + -3 + 5 + -9?
-3
(14 - 1) + -3 - 11
-1
Calculate (-4 - 3) + -1 + 20 + -2.
10
What is -2 + 0 + (8 - (2 + 2))?
2
What is the value of (4 - (4 + -2 + -4)) + -2?
4
Evaluate 4 - (7 - (12 - 4)).
5
What is the value of -4 - (-4 + -1 + 6 + -2)?
-3
Evaluate 1 - 0 - (9 - (17 - 7)).
2
What is -14 - (3 - (4 - -23))?
10
What is (-4 - 0) + (-3 - -6 - -5)?
4
Calculate -2 - 4 - 4 - -10.
0
What is the value of (10 - 4) + (-2 - (-2 - 0))?
6
Evaluate 2 - 8 - (-2 - 0) - -2.
-2
Calculate (6 - 5 - 7) + 5 + 2.
1
Evaluate 3 + -4 + 6 + -14 + 2.
-7
Evaluate -6 - ((13 - 5) + -16) - -5.
7
Evaluate -4 + (2 + 3 - -4).
5
What is the value of (103 - 108) + -2 + -1 + 5?
-3
What is the value of -26 - -25 - (-3 + 1)?
1
Evaluate -2 + -2 + (3 - (-1 - -6)).
-6
What is (-1 - (-1 + -1)) + -4?
-3
Calculate 3 - (4 - (10 - 4) - -5).
0
What is -1 + -6 + 8 + -3?
-2
Evaluate (-2 + 2 - 0) + 5.
5
-1 - ((-17 - -21) + (-3 - 1))
-1
Evaluate 0 + -2 + (-3 - (-10 - -4)).
1
What is the value of -1 + 11 + -16 + (-4 - -9)?
-1
-3 + (0 - 0 - -1) + 6
4
Evaluate 7 - (-2 + (0 - -4)).
5
What is the value of 8 + (0 - 1 - 2)?
5
Evaluate 2 + -4 + 1 - (-1 + 2).
-2
Calculate -3 - ((-6 - -6) + (-1 - 3)).
1
Calculate (-4 - 1) + (10 - (-9 - -17)).
-3
What is 7 + (4 - 7 - 4)?
0
Evaluate (-5 - (4 + -6)) + (3 - 6).
-6
82 + -77 + (-9 - -1)
-3
Calculate -8 - (11 + -13) - (2 - 1).
-7
What is the value of 0 + (-1 - (-6 + 3))?
2
What is the value of 3 + 1 + -2 - 6?
-4
(15 + -9 - -1) + -2
5
-2 - (-3 + 5 + -4) - -3
3
What is the value of -2 - 1 - 1 - -4?
0
Calculate 27 - 21 - (-3 - -9).
0
0 + (-3 + 5 - -2)
4
What is 2 - 2 - 5 - -5?
0
What is -4 + (4 - 4) + -1?
-5
What is the value of -2 + 3 + 0 + 1 + 1?
3
Calculate 6 + -7 + -3 - -4.
0
Calculate 4 - (-4 - ((1 - 2) + -9)).
-2
Calculate (-9 - -7) + 4 + 0 - 1.
1
20 + -13 - (0 + 2)
5
What is -2 + 12 + (3 - -1) + -6?
8
What is the value of 7 - (-16 + 3 + 19)?
1
What is the value of (-16 - -9) + 14 + -10?
-3
What is -6 + 5 - (8 + 0 - 3)?
-6
What is the value of -2 - (0 + -2 + 0)?
0
Calculate (2 + -6 - 0) + -1.
-5
What is -6 - 4 - (-7 + -3 + 5)?
-5
-3 + 2 + -5 + (3 - 4)
-7
What is (-5 - -1) + 7 + -5 + -1?
-3
Calculate 4 + -1 + (1 - (-3 - -3)).
4
Evaluate 1 + (2 - 5) + (-1 - -4).
1
Calculate -5 - (-4 + 2 - 1).
-2
What is the value of 7 + (-12 - -9) - 11?
-7
What is the value of (1 - 2) + (-2 - -19) + -21?
-5
Calculate (-2 - 3) + 9 + (2 - 7).
-1
Calculate 3 - ((-1 - -4) + -7 + 3).
4
(-10 - -2) + 3 + 6
1
2 - (2 - (-7 + 5))
-2
Evaluate 5 + -10 + (-5 - -10).
0
-6 - 0 - ((-5 - 6) + 9)
-4
(1 - -9) + (-4 - 2) - 4
0
Calculate (-11 - (-9 - 8)) + -2 + 5.
9
What is the value of (2 - (12 - 4)) + 4?
-2
What is the value of 1 + -2 + 1 + -2?
-2
Calculate -1 + -1 - 0 - (6 - 3).
-5
Calculate 0 + 3 - (-67 - -65).
5
What is the value of -10 + 0 - (-3 - (5 + -1))?
-3
Evaluate -3 + 13 + -5 - 6.
-1
Evaluate (0 + 2 - (-3 + 3)) + -2.
0
What is -1 - (0 + -6 + 6)?
-1
-4 - (7 + -4 - 9)
2
7 + -2 + 1 - (-14 + 16)
4
Evaluate -4 - (0 - 2) - (-15 - -12).
1
Evaluate -11 + 6 - ((-1 - 1) + 1).
-4
(-11 - -13 - -11) + -9
4
Calculate 2 - (3 + -1 - 5).
5
Calculate -9 + 7 + (1 - 3) + 0.
-4
Calculate (-13 - -15) + -6 + -1.
-5
1 - -9 